t is 11171725 (base 8) in base 6?
123523353
Convert 13411555 (base 6) to base 10.
452735
Convert -468600 (base 10) to base 16.
-72678
Convert 232652 (base 9) to base 12.
68a78
What is -b9757 (base 13) in base 4?
-1101311133
-2343010 (base 6) to base 4
-131321232
1120122101 (base 3) to base 13
111c4
What is -120330223 (base 4) in base 2?
-11000111100101011
2020200 (base 4) to base 12
5080
What is 252718 (base 10) in base 8?
755456
200031313210 (base 4) to base 10
8445412
What is 289b25c (base 13) in base 2?
110001001110110001111001
Convert -15dc7c0 (base 14) to base 16.
-a41214
What is 466135 (base 8) in base 14?
41c3b
Convert -559ed3 (base 16) to base 12.
-1a67297
Convert -212222012 (base 4) to base 9.
-261175
Convert -475030 (base 12) to base 14.
-21cb08
Convert 3303656 (base 7) to base 10.
404732
What is -1aba4c (base 13) in base 9?
-1250583
What is 11110000110011000011 (base 2) in base 10?
986307
What is -10100011111010011 (base 2) in base 4?
-110133103
What is 100123003 (base 5) in base 2?
1100000100001110010
Convert -223152541 (base 6) to base 7.
-46425310
42aa (base 11) to base 9
7717
Convert -34525350 (base 6) to base 3.
-2000022120010
Convert 3d464 (base 14) to base 13.
54124
305157 (base 9) to base 11
113a28
10000111101000001 (base 2) to base 10
69441
-11000110110111010010011 (base 2) to base 5
-3132010441
1321312300 (base 4) to base 8
1716660
What is 20331 (base 9) in base 2?
11010001010001
What is -4206808 (base 9) in base 5?
-1033431032
-3941a08 (base 11) to base 13
-154c818
-10010011101100101100 (base 2) to base 16
-93b2c
Convert -30801 (base 11) to base 3.
-2021120200
What is -38f9a4 (base 16) in base 2?
-1110001111100110100100
Convert -21111210020 (base 3) to base 8.
-440567
What is -204a420 (base 12) in base 14?
-b4118c
-4034231420 (base 5) to base 12
-287591b
Convert 164a03 (base 13) to base 15.
add60
1434005 (base 6) to base 15
196b2
25a330 (base 12) to base 14
12188c
Convert b939d (base 15) to base 10.
588073
-11308538 (base 9) to base 16
-53e3e5
What is -55740 (base 10) in base 7?
-321336
-1646014 (base 8) to base 11
-2a7326
Convert 10968d (base 14) to base 5.
121020241
-769782 (base 10) to base 5
-144113112
-391b8 (base 12) to base 16
-130dc
What is 11110111110000001110 (base 2) in base 11?
633484
Convert 100101100111101000001 (base 2) to base 11.
772171
What is -6622a (base 16) in base 12?
-182122
Convert 210201400 (base 5) to base 13.
24414b
-215477 (base 12) to base 3
-222210212201
15bc4 (base 13) to base 11
29257
-3121144214 (base 5) to base 15
-86e924
52301025 (base 6) to base 4
11302100021
-11515 (base 8) to base 3
-20210000
What is 202133302201 (base 4) in base 16?
89fca1
4d3722 (base 15) to base 16
3891dd
Convert 2458264 (base 9) to base 2.
101000110101001001111
Convert -726452 (base 8) to base 10.
-240938
Convert 396315 (base 11) to base 9.
1148881
-205243304 (base 7) to base 9
-24786415
Convert 1100110100101110011 (base 2) to base 16.
66973
Convert 2f5883 (base 16) to base 14.
5aaac3
What is -10210021200 (base 3) in base 10?
-74565
Convert -56d044 (base 16) to base 7.
-66234131
What is -18b094 (base 12) in base 16?
-69eb0
What is 75530142 (base 8) in base 3?
1010102100222011
1010100001101101101111 (base 2) to base 10
2759535
Convert b0a0 (base 15) to base 12.
196a3
115462 (base 7) to base 4
11022223
What is -101132121 (base 6) in base 12?
-6ba041
What is 41ef (base 16) in base 10?
16879
-85577 (base 9) to base 8
-156440
-200000002000 (base 3) to base 9
-600060
What is -10a818 (base 11) in base 16?
-2acf4
4303431 (base 5) to base 13
26c28
Convert 2011201001202 (base 3) to base 13.
315c47
2211032202 (base 4) to base 13
1a9073
Convert -1211002010 (base 3) to base 9.
-54063
Convert 1100011100111010000 (base 2) to base 15.
80d61
What is 32603025 (base 7) in base 5?
1204322232
Convert 1345100 (base 8) to base 4.
1130221000
301303301 (base 4) to base 16
31cf1
23002133112 (base 4) to base 7
33411453
384750 (base 16) to base 15
4ccc4c
What is 2639a6 (base 16) in base 4?
21203212212
What is 1001120210012 (base 3) in base 7?
4532216
What is -1420132440 (base 5) in base 11?
-2091850
Convert -5002210 (base 6) to base 11.
-14a717
Convert 124334 (base 8) to base 7.
240013
Convert -235cb4 (base 15) to base 3.
-10011212202021
-10311323112 (base 4) to base 11
-797847
4513234 (base 11) to base 8
36132014
What is -3152221 (base 6) in base 5?
-14422431
2047645 (base 8) to base 5
114412202
Convert -405721 (base 13) to base 10.
-1497367
What is -6763406 (base 9) in base 6?
-210033440
What is -21634774 (base 8) in base 12?
-16913b8
4074721 (base 9) to base 13
5b20c7
2341011 (base 5) to base 11
2a554
100100110111000101 (base 2) to base 8
446705
-10140322 (base 5) to base 15
-19c92
20321013201 (base 4) to base 11
1352437
784029 (base 11) to base 4
10301020300
What is -5277532 (base 9) in base 5?
-1210424032
Convert -2bab9 (base 12) to base 14.
-1888d
5008327 (base 12) to base 7
241011055
Convert 1322423 (base 5) to base 6.
323113
What is -514389 (base 11) in base 13?
-22ba8b
Convert -139a4 (base 12) to base 6.
-330324
78d78 (base 14) to base 6
10142514
What is 111003211333 (base 4) in base 8?
25034577
Convert -320101323310 (base 4) to base 14.
-1d60912
Convert 3682b4 (base 14) to base 16.
1c7ae6
Convert 827c7 (base 15) to base 8.
1447510
Convert -884a5 (base 15) to base 12.
-18a73b
Convert -2621076 (base 10) to base 3.
-11221011102220
-101001101111101 (base 2) to base 8
-51575
What is -4a705 (base 12) in base 14?
-28c73
Convert 222431255 (base 6) to base 16.
3dc373
What is -55540 (base 9) in base 8?
-110033
1202032222 (base 4) to base 9
672821
What is 1a536a4 (base 11) in base 7?
41260532
2220404134 (base 5) to base 8
22415732
212030301 (base 4) to base 10
156465
27849 (base 16) to base 2
100111100001001001
Convert -35163 (base 12) to base 11.
-49437
Convert -220002240 (base 5) to base 15.
-137d15
Convert -725b (base 14) to base 4.
-10303201
What is 244040122 (base 5) in base 8?
4327203
What is -472033 (base 8) in base 2?
-100111010000011011
Convert 1011100100111011010 (base 2) to base 7.
3136663
Convert 115320500 (base 6) to base 9.
4151720
What is 2202222121 (base 3) in base 13?
1bb5c
What is -21200101110 (base 3) in base 12?
-735a9
37 (base 14) to base 11
45
Convert 110000001110100 (base 2) to base 11.
17608
Convert 23113132 (base 4) to base 8.
132736
What is 23802777 (base 9) in base 5?
10434302443
What is 30002 (base 4) in base 16?
302
Convert -3c1daa (base 16) to base 6.
-220235334
What is -1e6a6 (base 15) in base 13?
-36309
Convert 5814563 (base 10) to base 16.
58b923
-110011001001101001 (base 2) to base 6
-4253545
Convert -10010020 (base 6) to base 11.
-182337
What is -20cb7c9 (base 14) in base 6?
-1313155021
Convert -1b44b09 (base 12) to base 2.
-10110001011100100111001
What is 3303852 (base 9) in base 2?
110110001001100010000
Convert 202333113 (base 4) to base 7.
1134561
425965 (base 10) to base 3
210122022111
-19391 (base 10) to base 4
-10232333
19a562 (base 15) to base 4
10301022233
Convert 100315403 (base 6) to base 14.
325751
Convert -110101000000010100101 (base 2) to base 9.
-3236474
23015301 (base 6) to base 12
29a531
What is 23121444 (base 5) in base 8?
625605
What is 54c33 (base 16) in base 8?
1246063
12726621 (base 9) to base 11
35a8171
What is 113445 (base 8) in base 2?
1001011100100101
Convert 333a5 (base 12) to base 16.
1096d
125152150 (base 6) to base 9
4611213
-1074924 (base 10) to base 16
-1066ec
What is -1c7c2 (base 13) in base 6?
-1112254
What is 133013012332 (base 4) in base 6?
450445154
What is -58027a (base 13) in base 15?
-2b2d62
-95356 (base 10) to base 15
-1d3c1
What is -101011101010110111100 (base 2) in base 16?
-15d5bc
-354449 (base 10) to base 6
-11332545
44632165 (base 7) to base 9
7253514
What is -12551430 (base 6) in base 9?
-707660
What is -3b613 (base 16) in base 13?
-86922
Convert 46b062 (base 12) to base 7.
12452123
What is -120002220200010 (base 3) in base 8?
-36501446
What is 1001100011010111000011 (base 2) in base 14?
492827
Convert -a8b998 (base 15) to base 11.
-45a0112
What is -bf4ac (base 16) in base 15?
-107257
-aa0894 (base 11) to base 4
-12231030213
What is -287b49 (base 12) in base 5?
-133133124
Convert 40304 (base 16) to base 11.
16a595
-11112122212200 (base 3) to base 4
-21031130